13*j - 220. Suppose -25*f = -24*f + j. Let i = f - -196. What are the prime factors of i?
3, 47
What are the prime factors of 55625/(-250)*786/(-5)?
3, 89, 131
Suppose 0 = 22*l + 500 - 170. What are the prime factors of 1298 + (209/(-55) - (-3)/l)?
2, 647
Let v(o) = 7*o**3 - o**2 - 2*o + 3. Let c be v(2). List the prime factors of c*(6 - 1/(-3)).
17, 19
Let m = 1892 - 2714. Let u = -818 - m. What are the prime factors of u?
2
Suppose 50*h = -60*h + 105*h + 311315. What are the prime factors of h?
19, 29, 113
Suppose 2*v = -t + 1838, 3*t = -4*v + v + 5523. Suppose 5*a - 9280 = -5*r, t = r - a - a. What are the prime factors of r?
2, 463
Let a = 8443 - 890. What are the prime factors of a?
7, 13, 83
Suppose 19562 = 5*z + 4*m, 2*z - 4*m - 9470 = -1634. List the prime factors of z.
2, 19, 103
Let m be -1 - -1880 - (21 - 18). Suppose -12*p + 3*s - 1876 = -16*p, 4*p + s - m = 0. What are the prime factors of p?
7, 67
Suppose -248*p + 252*p + 102477 = 5*y, -5*y + 3*p + 102479 = 0. What are the prime factors of y?
103, 199
What are the prime factors of (-8 + -302 + -1)*(-19)/1?
19, 311
Let a(p) = -293*p + 37. Let d(t) = -290*t + 37. Let u(o) = 6*a(o) - 7*d(o). List the prime factors of u(2).
3, 13
Let c(q) = q**3 - 37*q**2 - 90*q + 82. Let j be c(38). Let t = 3248 + j. What are the prime factors of t?
2, 677
Suppose -466917 - 1772121 + 491798 = -110*h. List the prime factors of h.
2, 11, 19
Suppose j = -3*p + 2171, 6*j = -4*p + 4*j + 2898. Suppose -4*u - 2*h + 3888 = 0, 5*u - p = 2*h + 4138. What are the prime factors of u?
2, 3
Let u = -77 + 77. Suppose 9*r + 1205 - 3239 = u. List the prime factors of r.
2, 113
Let w(g) = 93*g - 266. List the prime factors of w(32).
2, 5, 271
Suppose -4*j = -2*h - 10, 35*j = 40*j - 5*h - 20. What are the prime factors of (-123 - 3)/((j - 8)/7)?
2, 3, 7
Suppose 6287 = 4*y - f, 2*y = -5*f + 1748 + 1423. List the prime factors of y.
11, 13
Let z = -14084 - -17649. What are the prime factors of z?
5, 23, 31
Let k(y) be the first derivative of -y**4/4 - 4*y**3 - 9*y**2 - 41*y - 207. List the prime factors of k(-16).
31, 41
Let w(u) = 110*u**2 + 32*u - 249. What are the prime factors of w(6)?
3, 1301
Suppose -84 = -5*m + 6*m. Let z = 122 + m. Suppose -90 = 37*b - z*b. List the prime factors of b.
2, 3, 5
Suppose 5520 = 5*j - 5*f, 2*j + 549*f - 550*f - 2205 = 0. What are the prime factors of j?
3, 367
Suppose 5*i - 52 - 18 = 0. Let c = -17 + i. List the prime factors of c + (80 - (-8)/2).
3
Let y be 10/(-15) - (-22)/6. Suppose 2096 = y*m - 4*g, 2 = 2*g - 0. What are the prime factors of m?
2, 5, 7
Let i = -15853 + 24231. List the prime factors of i.
2, 59, 71
Let v = -1194 + 3250. List the prime factors of v.
2, 257
Let z(b) be the second derivative of 77*b**3/6 + 171*b**2/2 + 76*b. What are the prime factors of z(22)?
5, 373
Let i = -35 - -13. List the prime factors of (656/(-6))/(i/33).
2, 41
Suppose 22*o - 6977 = 5805. List the prime factors of o.
7, 83
Let s(i) = -388 - 47*i + 81*i + 61*i + 107*i. What are the prime factors of s(7)?
2, 3, 19
Suppose 94176 = 3*m - 3*v, -28*m + 5*v + 94182 = -25*m. List the prime factors of m.
3, 10463
Let y be (1 + (-1 - -1))/(-143 - -144). What are the prime factors of (10 + -15)/((-4)/932*y)?
5, 233
Suppose -5*i - 30 = 3*l, -5*i = -l + 2*l + 20. Let d be (-1844)/(-7) + i/7. Suppose 3*m - d = -2*f, -m = 3*m + f - 359. List the prime factors of m.
7, 13
Let h(a) = -a + 1. Let p(i) = -i**2 + 13*i - 19. Let k(x) = -6*h(x) - p(x). Let f be k(6). What are the prime factors of 82 + 6/(-21) + (-5)/f?
3
Suppose -2*w + 1449 = 5*w. Let m = w + -146. List the prime factors of m.
61
Suppose -14*v - 8173 = -23657. Suppose -1402 = 3*a + 4*f, 2*a = -4*f - v + 174. What are the prime factors of (-3 - 1)*a/10?
2, 47
Let z(o) = -849*o - 6244. List the prime factors of z(-33).
21773
Suppose -388*r + 6687563 - 2378809 = -18696542. List the prime factors of r.
2, 3, 61
Let h(b) = -25*b + 21. Let o(p) = -11*p + 7. Let g be o(4). Let y = 29 + g. List the prime factors of h(y).
13, 17
Suppose 3*j - 2*x - 6 = 0, 0*j + x + 9 = 3*j. List the prime factors of ((-1485)/25 + -1)/(j/(-10)).
151
Suppose -227*k + 220*k + 14 = 0. Suppose 4 - 8 = -k*l, -4*w - l = -918. List the prime factors of w.
229
Suppose 0 = -3*l + 3*a + 16353, 19*l - 9*a = 16*l + 16323. What are the prime factors of l?
2, 11, 31
Let r be 0/(-1*(-4)/8*4). What are the prime factors of 1 + r - (-1204 - 34)?
3, 7, 59
Let q = -5 - -26. Suppose -15*i = -45*i - 24 + 114. Suppose q = m + x, -x - i = -0. List the prime factors of m.
2, 3
Let x(f) = f**2 + 0 + 10 - 1 - 2*f**2 + 6*f. Let c be (-110)/11*(-6)/10. List the prime factors of x(c).
3
Let d(b) = 2*b**2 + 15*b + 21. Let f be d(-9). Let u = -32 + f. Suppose 15*v = u*v - 15. What are the prime factors of v?
3, 5
What are the prime factors of (-4050 - 8)*(-306)/68?
3, 2029
Let o(u) = -111*u - 896. What are the prime factors of o(-51)?
5, 953
Let t be 5/(-2)*(-3136)/40. Suppose -2*j - 5*p - t + 804 = 0, -2*p = -4. What are the prime factors of j?
13, 23
Suppose 13543 + 8577 = 10*k. Let v = k + -949. What are the prime factors of v?
3, 421
Suppose 138*b + 13*b - 1053980 = 0. List the prime factors of b.
2, 5, 349
Let q(r) = 2*r**2 - 10*r + 58. Suppose -9*o = 229 - 31. What are the prime factors of q(o)?
2, 7, 89
Suppose m - 2 = 0, -q + 2*m + 0 = 2. Let k be (2/(-8) + (-3)/(-12))/q. Suppose k = -2*y + 4. What are the prime factors of y?
2
Suppose -71*h + 107671 + 164352 = 51355. What are the prime factors of h?
2, 3, 7, 37
Let h(n) = 2*n**3 - 18*n**2 - 14*n + 30. Let d be h(9). Let r = 78 - d. What are the prime factors of r?
2, 3, 29
Suppose 5*n + 1291 + 14719 = 3*r, 4*n = 20. List the prime factors of r.
5, 1069
Let y(i) = 3*i**3 + 156*i**2 - 264*i - 56. List the prime factors of y(-50).
2, 1759
Let m(d) = 8 - 6*d + 62*d - 2*d + 247*d. What are the prime factors of m(2)?
2, 5, 61
Suppose 3*y + 8 = 4*r, 0 = -11*y + 12*y - 3*r + 11. Let j(p) = 8*p**3 + 5*p**2 - 20. What are the prime factors of j(y)?
2, 11, 13
Let n = 2693 - -4182. What are the prime factors of n?
5, 11
Let l = 120477 - 59247. List the prime factors of l.
2, 3, 5, 13, 157
Suppose -4*m = -3*f - 7 + 36, 22 = -f - 5*m. Suppose b = f - 1. Suppose 7*y - 4*g = 3*y + 796, b*g = 5*y - 992. List the prime factors of y.
2, 3, 11
Let b(j) = j**3 + 19*j**2 + 12*j + 42. Let v be b(-18). List the prime factors of (-72)/(-10)*v/12.
2, 3, 5
Suppose -3*u = n - 1, 4*n = 5*u + 15 + 40. Suppose l = n*l + 9. What are the prime factors of (11/2)/(l/(-26))?
11, 13
What are the prime factors of (678/904)/((-6)/(-102208))?
2, 1597
Let t be (-6)/(-18) - (-14)/(-6). Let l(m) = -2*m**3 + 4*m + 2. Let j be l(t). Suppose -j*r + 0*r + 80 = 0. List the prime factors of r.
2
Let x(r) = 108*r**2 + 3*r - 1. Let z(j) = -36*j**2 - j. Let q(w) = 6*x(w) + 17*z(w). Let t be (-240)/(-105) - (-2)/(-7). What are the prime factors of q(t)?
2, 5, 7
Let y(h) = 61*h + 19. Let v be y(4). Suppose -5*i = -2413 + v. What are the prime factors of i?
2, 5, 43
List the prime factors of (-350)/(-28)*5*53076/150.
5, 4423
Let u be 47/((-2115)/186) + (-4)/(-30). Suppose -175 - 33 = 2*t. List the prime factors of (t/(-6))/((u/(-6))/1).
2, 13
Let s(i) = -i**2 + i. Let h(k) = -63*k**2 - k + 1. Let c(x) = -h(x) + 2*s(x). List the prime factors of c(1).
3, 7
Let p(t) = -4*t**3 + 4*t**2 - 4*t - 1. Let k(j) = 6*j**3 - 5*j**2 + 3*j + 3. Let x(s) = -4*k(s) - 5*p(s). List the prime factors of x(-6).
809
Let s = -3881 - -6440. What are the prime factors of s?
3, 853
Let w(u) = 204*u - 1823. What are the prime factors of w(53)?
89, 101
Suppose -42*t + 67817 = -115471. What are the prime factors of t?
2, 1091
Let f(d) = d**3 - 2*d + 1. Let b be f(3). Suppose 14*t + 320 = b*t. List the prime factors of 5/t*4*242.
11
List the prime factors of 27746 - ((-15)/75)/(3/(-30)).
2, 3, 17
Let d = -2300 + 3307. List the prime factors of d.
19, 53
Let t(a) = 2248*a - 5571. List the prime factors of t(8).
12413
Let f be 1*-2 + -39 + -475. List the prime factors of (5 + -2 + -4)*f.
2, 3, 43
Let o(b) = 269*b + 3911. What are the prime factors of o(89)?
2, 3, 11, 211
Let l(i) = -1621*i + 68. List the prime factors of l(-3).
4931
Let l be (4 - 8)*(-1 - -2)*-2. Let h be ((-11)/(66/(-696)))/(2/l). What are the prime facto